
51
What is the greatest common divisor of 1089168 and 432?
48
Calculate the highest common factor of 9550 and 137579210.
1910
What is the highest common factor of 11292024 and 400?
8
What is the greatest common divisor of 58455 and 842535?
135
What is the highest common divisor of 4933509 and 693?
21
What is the highest common divisor of 33 and 5383191?
33
Calculate the highest common divisor of 55403422 and 2218.
2218
What is the greatest common factor of 12144 and 22850592?
1104
What is the highest common divisor of 3393860 and 40?
20
What is the highest common divisor of 44846307 and 1902?
951
What is the greatest common factor of 9487 and 1022627?
179
What is the highest common divisor of 6 and 74345307?
3
Calculate the highest common divisor of 1053809412 and 2672.
668
Calculate the greatest common divisor of 2080 and 2129504.
416
Calculate the greatest common factor of 10456272 and 288.
144
What is the highest common factor of 7747840 and 142080?
1280
Calculate the greatest common factor of 2525 and 427533.
101
Calculate the highest common factor of 3286980 and 2565.
135
What is the highest common factor of 10 and 566556410?
10
What is the greatest common divisor of 1327393575 and 425?
425
What is the greatest common divisor of 7 and 1067290?
7
What is the highest common divisor of 1698285 and 47601?
129
Calculate the greatest common divisor of 53478 and 9756.
18
Calculate the greatest common factor of 170888 and 844020.
2084
What is the highest common divisor of 36620 and 3665?
5
What is the greatest common divisor of 11205 and 14592645?
3735
Calculate the greatest common factor of 177903 and 1167507.
297
Calculate the highest common factor of 2727645 and 84694.
2491
Calculate the greatest common factor of 54477664 and 16.
16
What is the highest common divisor of 1370 and 103471716?
274
What is the greatest common divisor of 208479242 and 2?
2
Calculate the greatest common divisor of 261420468 and 114.
114
What is the highest common divisor of 21141 and 1681884?
2349
Calculate the greatest common divisor of 3819 and 15022673.
1273
What is the greatest common divisor of 558967 and 3452161?
2399
Calculate the highest common divisor of 3339 and 277879.
371
Calculate the highest common factor of 119915 and 56967895.
4135
Calculate the greatest common factor of 2804 and 55404236.
2804
What is the highest common divisor of 270 and 160855?
5
Calculate the greatest common factor of 2335098 and 92.
46
Calculate the greatest common divisor of 5060 and 1252020.
220
What is the highest common factor of 26520 and 10427001?
663
Calculate the greatest common factor of 112 and 112492072.
56
What is the highest common factor of 5070 and 145449681?
507
Calculate the greatest common factor of 1248 and 297778.
26
What is the highest common divisor of 2311354 and 2041?
157
What is the highest common factor of 1352 and 4299080?
8
Calculate the highest common factor of 241816763 and 127.
127
Calculate the greatest common factor of 137407 and 28535.
439
Calculate the greatest common factor of 14487 and 598653.
33
Calculate the greatest common divisor of 798213 and 33111.
39
Calculate the greatest common divisor of 546355 and 12769.
113
What is the highest common divisor of 13030974 and 386?
386
Calculate the highest common factor of 78 and 2881333.
13
What is the highest common factor of 106606264 and 6536?
152
What is the greatest common divisor of 85668 and 246738?
354
What is the highest common divisor of 64000781 and 1534?
767
What is the highest common divisor of 362318 and 3096?
86
Calculate the highest common factor of 17927 and 21581.
7
What is the highest common divisor of 531 and 144133224?
177
What is the highest common factor of 24 and 96038724?
12
What is the greatest common factor of 39151 and 24990?
833
Calculate the greatest common factor of 20690 and 31742598.
4138
Calculate the highest common factor of 1660384 and 6052.
356
What is the greatest common factor of 17214048 and 108?
36
Calculate the greatest common factor of 16025256 and 8788.
676
What is the greatest common factor of 4925250 and 29205?
495
What is the highest common divisor of 2519 and 47606581?
2519
Calculate the greatest common factor of 21467986 and 545.
109
What is the highest common divisor of 550442 and 103463?
157
What is the greatest common divisor of 6104835 and 19305?
1485
Calculate the highest common factor of 371515 and 16750.
335
Calculate the highest common factor of 9984302 and 2294.
74
What is the greatest common factor of 4336568 and 1312?
8
What is the highest common divisor of 156684 and 1308?
12
Calculate the highest common divisor of 247909860 and 990.
990
Calculate the highest common divisor of 72937825 and 225.
25
What is the highest common factor of 9 and 10014957?
9
Calculate the greatest common divisor of 168200 and 16.
8
Calculate the greatest common factor of 400612 and 12.
4
Calculate the greatest common factor of 323690448 and 822.
822
What is the greatest common factor of 7938 and 2872576?
98
What is the highest common divisor of 11356492 and 16786?
1526
What is the highest common factor of 598 and 234625898?
598
What is the greatest common divisor of 566952 and 24?
24
What is the greatest common divisor of 327040 and 26015360?
4480
What is the highest common factor of 470 and 16049090?
470
Calculate the greatest common divisor of 26475 and 7946383.
353
Calculate the greatest common divisor of 6885676 and 1470686.
4214
What is the greatest common divisor of 455 and 695?
5
What is the greatest common factor of 46207 and 111840743?
6601
Calculate the highest common factor of 4480 and 60688.
16
What is the greatest common divisor of 41236 and 1151228?
676
What is the highest common factor of 810 and 116485?
5
What is the greatest common factor of 13079045 and 2555?
2555
What is the highest common factor of 11221714 and 308?
14
Calculate the highest common factor of 102576666 and 5370.
1074
Calculate the greatest common divisor of 29444600 and 35811.
3979
Calculate the highest common factor of 1036303 and 4794.
799
Calculate the greatest common factor of 336 and 233251032.
168
What is the greatest common divisor of 377 and 11690653?
13
Calculate the highest common divisor of 30898 and 7000.
14
Calculate the highest common factor of 1370 and 1204.
2
Calculate the highest common divisor of 1167908610 and 60.
30
Calculate the greatest common factor of 9192 and 711068608.
3064
Calculate the highest common divisor of 487805880 and 18.
6
What is the greatest common factor of 2915844 and 246764?
5036
Calculate the greatest common factor of 7611 and 657900.
129
Calculate the greatest common factor of 1460533663 and 227.
227
Calculate the greatest common factor of 3150785 and 605.
55
What is the highest common factor of 1276920 and 2601?
9
What is the highest common divisor of 88 and 18359528?
88
Calculate the highest common divisor of 506781 and 198.
99
What is the highest common factor of 495 and 1052172?
99
What is the greatest common factor of 928 and 328607352?
232
Calculate the highest common divisor of 1800800 and 2800.
400
What is the greatest common divisor of 171776588 and 872?
436
What is the greatest common factor of 2921760 and 280080?
720
What is the greatest common divisor of 1696795 and 3420?
95
Calculate the greatest common divisor of 123 and 368795451.
123
Calculate the highest common factor of 4354640 and 8352.
464
Calculate the highest common factor of 1563160 and 320.
40
Calculate the greatest common divisor of 1191915957 and 1797.
1797
What is the greatest common divisor of 14631 and 15?
3
Calculate the highest common divisor of 3326869 and 14.
7
Calculate the greatest common divisor of 248623 and 22934299.
4691
Calculate the highest common factor of 7213590 and 3570.
30
What is the highest common divisor of 166670843 and 167?
167
Calculate the highest common divisor of 279 and 29675277.
279
What is the greatest common divisor of 146 and 1985375233?
73
Calculate the highest common divisor of 9450 and 2129750.
350
Calculate the highest common divisor of 206 and 668462378.
206
What is the greatest common divisor of 17402 and 467594?
226
Calculate the highest common factor of 7671659 and 104653.
457
What is the greatest common divisor o